j.
29, 41
Let d(r) = 3*r**2 + 3*r - 6. Let a(q) = 2*q**2 + 3*q - 5. Let j(p) = -6*a(p) + 5*d(p). List the prime factors of j(-8).
2, 3
Let o(c) = 3*c**3 + 9*c**2 - 2*c - 21. What are the prime factors of o(9)?
3, 7, 137
What are the prime factors of (-53)/(411/(-290) + 7/5)?
2, 29, 53
List the prime factors of 23439/15 + 16/40.
3, 521
Suppose 5*k = 10*k + 3*y - 5499, -4*k + 4414 = -5*y. What are the prime factors of k?
3, 367
Let s be 120/18*(-18)/4. Let i be (-2)/(-5) + 162/s. Let g(p) = -7*p + 14. What are the prime factors of g(i)?
7
Suppose 360 + 156 = -4*u. Let q = u - -151. List the prime factors of q.
2, 11
Let d = 91 + -39. Suppose 6*p - d = 2. Let y(a) = -a**2 + 12*a + 1. What are the prime factors of y(p)?
2, 7
Let q = 2192 - -689. What are the prime factors of q?
43, 67
Let v(t) = -1. Let s(i) = i + 12. Let l(a) = s(a) - v(a). Let o be l(11). Suppose -3*q - q + o = 0. List the prime factors of q.
2, 3
Suppose -44 = -3*r - 2*g, r = -8*g + 3*g + 6. What are the prime factors of 1/(-4 - -6)*r?
2
Let d(h) = -12*h - 23. Let c be d(-2). Suppose 0 = -v + c + 3. List the prime factors of v.
2
Let q = 77 + 178. Suppose 4*f = 5*s + 371, -3*f + 0*s - 4*s + q = 0. List the prime factors of f.
89
Suppose 6*a = 689 + 505. Let v = a + -140. List the prime factors of v.
59
List the prime factors of -6 + 11/44*24008.
2, 1499
What are the prime factors of ((-1386)/10)/(30/(-100))?
2, 3, 7, 11
Let r(p) = 2*p**2 - 23*p - 32. What are the prime factors of r(20)?
2, 7, 11
Suppose 8*j = 4653 - 989. List the prime factors of j.
2, 229
Suppose -4*g + 1744 = 5*b + 40, 3*g = b - 337. What are the prime factors of b?
2, 5, 17
Suppose 2*t - 28 = -5*x, -12 = -4*t - 4*x + 20. Suppose 0*w - w = -t*f + 11, -4*w = -f - 16. What are the prime factors of f?
2
Suppose -7*c = 13*c - 6120. List the prime factors of c.
2, 3, 17
Suppose 0 = -7*v + 9270 - 2851. What are the prime factors of v?
7, 131
Let d = 8 + -3. Let m be (d + -1)*(-2)/(-2). Suppose 0 = n - m*f + 13, 4 = 3*n - 6*n + 5*f. What are the prime factors of n?
7
Let o = 497 - 300. What are the prime factors of o?
197
What are the prime factors of ((-24)/7)/(2/2212*-4)?
2, 3, 79
Let p(x) = -x**2 - 4*x + 5. Let o be p(-5). Suppose j - 28 + 220 = 2*y, o = j. Suppose 0 = 4*l - y - 176. What are the prime factors of l?
2, 17
Let r = -12 + 14. Suppose r*l = -2*l. Suppose -d - d + 34 = l. What are the prime factors of d?
17
Suppose 0*z - 12 = 3*z. Let k(x) = -4*x + 7. List the prime factors of k(z).
23
Let v(a) = 4*a**3 + 11*a**2 + 6*a - 1. Let y(c) = -3*c**3 - 10*c**2 - 5*c + 1. Let i(x) = 2*v(x) + 3*y(x). List the prime factors of i(-8).
5
Suppose 7 = -3*a - 2*c, -a - 2*a - 11 = -2*c. What are the prime factors of -2*((-2)/(-1) - (a + 9))?
2
Suppose -5*z - 25 + 0 = -5*h, 5*h - 3*z - 19 = 0. Suppose 13*n - h*n = 264. List the prime factors of n.
2, 3
Suppose 14*b + 58*b = 22176. What are the prime factors of b?
2, 7, 11
Suppose -3*d - 2*v = -18, v = 5*d + 2*v - 23. Suppose 5*t - 275 = d*j, 3*j + 152 = 3*t - 2*j. List the prime factors of t.
59
Let j be ((-55)/44)/((-2)/8). Suppose -3*r + j*d = 207, -3*r + d = 35 + 184. Let x = 131 + r. List the prime factors of x.
3, 19
Let t = 4 + -3. Let m(x) = 36*x - 1. Let o be m(t). Let v = -17 + o. What are the prime factors of v?
2, 3
Let i(z) = z**2 - 7. Suppose -215 = -0*n - 5*n. Let g be 2/9 + n/9. List the prime factors of i(g).
2, 3
Let f(s) be the first derivative of -9*s**2 + s + 20. List the prime factors of f(-2).
37
Let u be 24/9*6/8. Suppose -5*z + 2*x = -643, -u*z - 4*x = -z - 111. List the prime factors of z.
127
Let f(l) = l**2 + 12*l + 15. Let i be f(-11). Suppose -h + 14 = i. What are the prime factors of h?
2, 5
Let l be -1*(-183)/2*(-2)/(-3). Let t = l + -57. What are the prime factors of t?
2
Let a(v) = 17*v**2 + v + 12. Let r be a(4). Suppose 5*u = -4*u + r. List the prime factors of u.
2
Suppose -3*f - p = -6*f + 284, -4*p = 2*f - 208. Suppose -q = 5*y - 2*q - f, 5*q + 80 = 5*y. What are the prime factors of y?
2, 5
Let l be (0/(-1))/1 - -7. Let n(y) = 3*y**2 - 10*y + 7. Let a be n(l). Suppose -2*z - 5*r = -55, r + a = 3*z + 27. List the prime factors of z.
2, 5
Let q = -920 - -4702. List the prime factors of q.
2, 31, 61
Let k be 0 - (217 + 0 + -3). Let h = k + 315. Suppose h = 5*o + 36. List the prime factors of o.
13
Let n = -8 + -83. Let b be (-4)/(-26) + (-1533)/n. Let u = b - -3. List the prime factors of u.
2, 5
Suppose -2*n + 1082 + 724 = 0. What are the prime factors of n?
3, 7, 43
Suppose -7 = -8*n + 9. Suppose -12 = -3*b, -n*b - 124 = -h + 36. What are the prime factors of h?
2, 3, 7
Let s(q) = 4*q**2 - q - 2. Let v be s(4). List the prime factors of ((-7)/2 + 4)*v.
29
Let h be (-400)/(-64) - 2/8. Suppose -2*m + 3*m = h. Suppose -45 - m = -3*w. List the prime factors of w.
17
Suppose -2*h + 4852 = -m, -2404 = -h - 34*m + 29*m. List the prime factors of h.
2, 3, 101
Let m be (-165)/(-2) - (-6)/12. Suppose 4*q - 331 = -5*i, 0*i + m = i + 5*q. List the prime factors of i.
3, 7
Suppose -7*k - 999 = -4786. What are the prime factors of k?
541
Let c = -46 - -50. Suppose -189 = -c*w + t + 174, 5*t = 5. List the prime factors of w.
7, 13
Suppose -98 - 12 = -i. Let g(u) = -i + 10*u + 67 + 53. List the prime factors of g(4).
2, 5
Suppose 0 = 3*t + 7 - 1. Let h be t/(1/(-4)*2). Suppose -9*p + h*p = -265. What are the prime factors of p?
53
Let b(v) = v**3 - 10*v**2 - 10*v + 9. Let q be (-16)/(-40) + (-274)/10. Let a = q + 38. List the prime factors of b(a).
2, 5
Let g(u) = -9*u - 13. Let k(n) = -3*n - 4. Let b(c) = 4*g(c) - 11*k(c). List the prime factors of b(-4).
2
Suppose -2*u - 2 = 0, -4*p - 2*u = -7*u - 241. Let t = 165 - p. List the prime factors of t.
2, 53
Let i = 37 + 25. Suppose 2*y = -5*m + 436, -m + 154 = 2*y + i. What are the prime factors of m?
2, 43
What are the prime factors of 654 + 0 + 0 + 3?
3, 73
Let u = 2091 + 895. List the prime factors of u.
2, 1493
Let q(z) be the second derivative of z**5/20 - z**4/4 + z**3/2 - 5*z**2/2 + 17*z. What are the prime factors of q(4)?
23
What are the prime factors of -25 + 19 - -500*4?
2, 997
Let z(j) = j**2 - 7*j + 17. Let k be z(10). Let h be 1*17*(-2)/(-1). Let r = k - h. List the prime factors of r.
13
Suppose 0 = 3*s + 2*g, -6*g - 2 = 5*s - 2*g. What are the prime factors of (s + 13)/(1/1)?
3, 5
Suppose -2 = a, 231 = 3*z - a - 1058. What are the prime factors of z?
3, 11, 13
Let m(l) = 3*l + l + l + 3 + 3 - l**2. Let k be m(6). Suppose k = 2*w - 36 - 6. What are the prime factors of w?
3, 7
Let p(b) = -41*b**3 + b**2 + b - 1. Let z be p(1). Let f be 9/(-3)*16/3. Let x = f - z. List the prime factors of x.
2, 3
Let v(p) = 3*p - 112. Let i be v(0). Let z = -90 - i. What are the prime factors of z?
2, 11
Suppose 9*i - 18 = 18. What are the prime factors of i/26 - (-32391)/117?
277
Let v(s) = s**3 + 9*s**2 - 5*s - 13. Let m be v(-9). What are the prime factors of 1/4*0 + m?
2
Let n = -273 + 333. List the prime factors of n.
2, 3, 5
Suppose 3*v + 153 = 12*v. Let a(u) = 13*u - 59. List the prime factors of a(v).
2, 3
Suppose 0 = -11*q + 5851 - 395. Let r = 711 - q. What are the prime factors of r?
5, 43
Let f = -153 + 155. Let b be (-4 + 2)/((-1)/15). Suppose 4*x + 4*j = -0*x + 84, f*x - j - b = 0. What are the prime factors of x?
17
Let c(j) = -j + 16. Let m be c(6). Let h be m/(-3) - (-6)/(-9). List the prime factors of -4*h/16*52.
2, 13
Let g be (148/2)/(1 - 0). Let k = g + -52. Let s = 38 - k. What are the prime factors of s?
2
Suppose 4*f - 116 = 324. Suppose 10 = 4*u - f. List the prime factors of u.
2, 3, 5
Suppose 4*l + 1 - 3 = u, -l = 2*u + 4. Suppose -4*h + 9 + 15 = l. List the prime factors of (24/(-20))/(h/(-80)).
2
Suppose -282*b = -283*b + 515. List the prime factors of b.
5, 103
Let o = -2209 - -3137. What are the prime factors of o?
2, 29
Suppose 3*y - 3*m = -8*m + 1617, 5*m = -2*y + 1083. List the prime factors of y.
2, 3, 89
Suppose -3*t + 2091 = 3*q, 0 = -4*q - q + 5*t + 3465. List the prime factors of q.
5, 139
Let a(f) = 9*f**2 + 3*f - 6. Let k(i) = i**2 + i. Let u(g) = a(g) + k(g). What are the prime factors of u(-3)?
2, 3
What are the prime factors of 21156/(-9)*105/(-70)?
2, 41, 43
Let f = 1357 + 166. What are the prime factors of f?
1523
Suppose -5*w = 4*b - 295, 4*w + 226 =